3515
-3045004 (base 6) to base 10
-146236
Convert 1343423304 (base 5) to base 4.
31112021103
-10010101101110110010100 (base 2) to base 10
-4906388
-102022011020 (base 3) to base 15
-45da9
Convert -10101010001010110110 (base 2) to base 10.
-697014
What is -2380a60 (base 11) in base 3?
-21210120102122
-3a2799 (base 12) to base 10
-958437
193548a (base 14) to base 12
4229842
30123122 (base 5) to base 4
322120322
Convert 428835 (base 13) to base 4.
11331022302
Convert 31419 (base 12) to base 6.
1214433
-322cb0 (base 16) to base 8
-14426260
What is 216a904 (base 11) in base 8?
16412326
What is 120220012111 (base 3) in base 12?
1310a1
Convert adc7c (base 15) to base 13.
1648b0
-e5a0 (base 16) to base 14
-175cc
What is 111100100000010 (base 2) in base 4?
13210002
What is 102112210 (base 5) in base 12?
1865a2
-3169293 (base 12) to base 9
-18525783
What is -741412 (base 15) in base 12?
-1a23a15
Convert 111100010111111001 (base 2) to base 9.
416185
What is 15121452 (base 8) in base 15?
4821b2
133110032 (base 6) to base 8
12133704
-92889 (base 10) to base 8
-265331
Convert 20c02 (base 13) to base 5.
3343102
Convert -d5fc (base 16) to base 13.
-1bc1b
What is -1397608 (base 13) in base 8?
-27550772
What is 32114214 (base 5) in base 10?
269934
What is c2da35 (base 14) in base 3?
110100201011001
What is 64071 (base 8) in base 15?
7d8b
What is -759b6 (base 13) in base 16?
-33e66
10642 (base 15) to base 12
26145
636152 (base 12) to base 3
2221112211122
-21333024 (base 5) to base 16
-2ccda
11170456 (base 8) to base 7
26402264
Convert 5311544 (base 9) to base 16.
2b5de7
-111011101001110010100 (base 2) to base 16
-1dd394
Convert -26a793a (base 11) to base 16.
-4733af
What is 1ba949 (base 15) in base 14?
272a62
What is 3300275 (base 8) in base 9?
1587800
What is -16039 (base 14) in base 6?
-1102151
-500013 (base 10) to base 7
-4151523
-22244020 (base 7) to base 2
-111010110011101001100
Convert 120446 (base 10) to base 15.
25a4b
Convert -e2c091 (base 16) to base 3.
-1000221222200102
3c775 (base 15) to base 4
233120030
What is 10666 (base 13) in base 10?
29659
Convert -33122 (base 9) to base 3.
-1010010202
14011122 (base 5) to base 14
3976c
-3207c (base 16) to base 6
-4220420
-878780 (base 10) to base 8
-3264274
Convert 10011010001000011110110 (base 2) to base 11.
293a668
320203321 (base 4) to base 5
24403143
Convert -10023140 (base 5) to base 11.
-54a51
What is 10000102000121 (base 3) in base 12?
65335a
-11000111001111110001010 (base 2) to base 4
-120321332022
Convert 569119 (base 14) to base 9.
5477121
Convert -7c21 (base 16) to base 15.
-9637
What is 42556 (base 8) in base 13?
8123
What is 22120054 (base 7) in base 12?
779a54
Convert 31444243 (base 5) to base 10.
265573
What is 11a5c8 (base 14) in base 3?
1010201200100
Convert -1020021220 (base 3) to base 2.
-101111011001110
What is 353720 (base 9) in base 12?
a3130
-43923 (base 11) to base 2
-1111100010110111
What is 236126 (base 10) in base 4?
321221132
Convert -335989 (base 10) to base 6.
-11111301
Convert -19a827 (base 12) to base 16.
-6ed1f
Convert 334423221 (base 5) to base 16.
16a0b8
-1399a8 (base 12) to base 2
-1010000000101010000
Convert -9734c8 (base 14) to base 13.
-10a2a14
-136170 (base 9) to base 8
-242462
Convert -5a5b4 (base 12) to base 10.
-121816
What is -14d0b (base 14) in base 9?
-78233
-13636552 (base 7) to base 11
-7a9937
-23001221120 (base 4) to base 14
-553480
Convert 1200120111210 (base 3) to base 6.
31120550
What is 100010011000000100 (base 2) in base 14?
39456
Convert 21614626 (base 7) to base 5.
434312124
Convert -213302001322 (base 4) to base 13.
-2211943
Convert 331411155 (base 6) to base 11.
33aa373
b8e2 (base 16) to base 15
e055
Convert -879724 (base 11) to base 15.
-1cadd2
Convert -b1636 (base 13) to base 15.
-640bc
714599 (base 12) to base 7
21022152
Convert 1000111010100110110010 (base 2) to base 6.
122032214
158303 (base 13) to base 11
333924
6753404 (base 8) to base 16
1bd704
What is -170771 (base 10) in base 3?
-22200020212
Convert 250533 (base 7) to base 8.
131500
What is 264579 (base 16) in base 14?
49409b
Convert -889294 (base 10) to base 3.
-1200011212211
What is -4410122004 (base 5) in base 7?
-143250425
a44b14 (base 14) to base 2
10101001001110001011110
-3533453 (base 9) to base 11
-109640a
Convert 10210120120120 (base 3) to base 7.
23106234
-189815 (base 13) to base 3
-1011112202012
-101110111000111101 (base 2) to base 7
-1426642
Convert 111010011101010 (base 2) to base 9.
45045
-400454 (base 9) to base 4
-321300121
What is -2100330302 (base 4) in base 3?
-1010011102102
What is -52417 (base 14) in base 10?
-198373
Convert 372141 (base 8) to base 14.
3497b
-1100011010111111001001 (base 2) to base 5
-1313200030
What is 101200202222 (base 3) in base 9?
350688
-803848 (base 10) to base 11
-4a9a41
What is -b6953 (base 12) in base 15?
-4b0d3
Convert 30441507 (base 8) to base 4.
120210031013
-415152 (base 13) to base 11
-9517a2
Convert -8e8c77 (base 16) to base 9.
-18517818
What is -15248 (base 11) in base 12?
-105b2
Convert -5ae26 (base 16) to base 6.
-11551234
-131766 (base 11) to base 2
-110010100101111000
-262b79 (base 12) to base 15
-c5c93
-14db5 (base 16) to base 7
-504031
1d9a08 (base 14) to base 2
100000011101111011000
-104418 (base 12) to base 13
-8c8a6
133528 (base 11) to base 15
42187
-3376563 (base 8) to base 12
-382703
-101201221 (base 4) to base 14
-1c237
What is 4443110 (base 6) in base 15?
463bc
What is 40978 (base 13) in base 15?
244e4
What is -37b42a (base 12) in base 7?
-10513516
Convert 48071 (base 12) to base 11.
66849
What is b687b2 (base 13) in base 15?
5967b3
Convert 5c2c2 (base 16) to base 13.
102ac5
-101000111110110001 (base 2) to base 16
-28fb1
What is 2880802 (base 9) in base 8?
6036274
1637251 (base 10) to base 3
10002011212221
35a807 (base 12) to base 14
18879d
7a8949 (base 15) to base 6
325223453
Convert 1101201211011 (base 3) to base 11.
468020
Convert 13002262 (base 7) to base 4.
10133123212
-436228 (base 16) to base 12
-158b6b4
-176238 (base 10) to base 14
-48326
Convert -11002330030 (base 4) to base 11.
-8238a3
What is 42412122 (base 5) in base 14?
94238
What is 47466 (base 8) in base 2?
100111100110110
What is 333120001 (base 4) in base 14?
6a85b
Convert 212211210 (base 4) to base 3.
22000210210
Convert 372387 (base 9) to base 16.
36e56
Convert 1111100222 (base 3) to base 4.
13023311
1085413 (base 9) to base 8
2174206
What is 28c25 (base 15) in base 13?
4780a
What is -4aa0 (base 15) in base 7?
-64233
Convert -16c8034 (base 13) to base 9.
-14851317
-244469 (base 12) to base 6
-20335013
-cc2a9 (base 13) to base 10
-369573
Convert 10001110011001 (base 2) to base 10.
9113
Convert -2038684 (base 9) to base 8.
-4116677
-1443140011 (base 5) to base 8
-16633267
What is -225a19 (base 14) in base 10?
-1168183
-b3d98 (base 14) to base 15
-88695
Convert 1d806 (base 15) to base 3.
11220002220
-13bcc3 (base 13) to base 2
-1110110000000000010
283340 (base 10) to base 12
117b78
1257110 (base 8) to base 5
42224231
What is -30a850 (base 12) in base 8?
-2726074
Convert -20130120132 (base 4) to base 15.
-2dac56
43241211 (base 5) to base 13
cb843
87264 (base 12) to base 2
101011100010101100
What is -11445 (base 7) in base 6?
-21433
-12523742 (base 9) to base 3
-102120210211102
What is 589cbb (base 13) in base 2?
1000000010011000011100
What is 8360014 (base 9) in base 12?
15b581a
What is 140041444 (base 5) in base 13?
1b93a0
What is 938409 (base 14) in base 9?
10327075
13362136 (base 8) to base 6
144243554
What is -33316370 (base 8) in base 13?
-1646973
What is 2271713 (base 8) in base 3?
1011110202020
What is 4a2705 (base 12) in base 8?
4465565
-101111000001000011001 (base 2) to base 7
-16044433
Convert 1155239 (base 10) to base 12.
47865b
What is -30200100 (base 5) in base 9?
-406088
Convert 342041413 (base 5) to base 13.
41214a
Convert -111612034 (base 7) to base 12.
-2344b37
What is 35515135 (base 6) in base 16?
110123
4411210030 (base 5) to base 3
122211102010122
Convert 1133a4 (base 11) to base 13.
64008
200163 (base 11) to base 3
121101002202
What is 21314244 (base 5) in base 3?
100021021101
Convert 100501152 (base 7) to base 11.
3335704
-4d315 (base 16) to base 11
-1a6608
What is -11204421 (base 5) in base 11?
-69655
10001010111101001110 (base 2) to 